{"id":3594,"date":"2026-02-27T18:19:04","date_gmt":"2026-02-27T15:19:04","guid":{"rendered":"https:\/\/varenotomotiv.com\/urun\/las-13-6-12-28-8pr-tr70-lassa-lastik\/"},"modified":"2026-03-02T16:26:38","modified_gmt":"2026-03-02T13:26:38","slug":"las-13-6-12-28-8pr-tr70-lassa-lastik","status":"publish","type":"product","link":"https:\/\/varenotomotiv.com\/en\/product\/las-13-6-12-28-8pr-tr70-lassa-lastik\/","title":{"rendered":"LAS.13.6\/12-28 8PR TR70 LASSA LAST\u0130K"},"content":{"rendered":"<p>&#8211;<\/p>","protected":false},"excerpt":{"rendered":"<p>&#8211;<\/p>","protected":false},"featured_media":4186,"comment_status":"open","ping_status":"closed","template":"","meta":{"_themeisle_gutenberg_block_has_review":false},"product_brand":[57],"product_cat":[35],"product_tag":[],"class_list":{"0":"post-3594","1":"product","2":"type-product","3":"status-publish","4":"has-post-thumbnail","6":"product_brand-lassa","7":"product_cat-binek-lastikleri","9":"first","10":"instock","11":"shipping-taxable","12":"purchasable","13":"product-type-simple"},"yoast_head":"<!-- This site is optimized with the Yoast SEO plugin v27.4 - https:\/\/yoast.com\/product\/yoast-seo-wordpress\/ -->\n<title>LAS.13.6\/12-28 8PR TR70 LASSA LAST\u0130K - Varen Otomotiv<\/title>\n<meta name=\"robots\" content=\"index, follow, max-snippet:-1, max-image-preview:large, max-video-preview:-1\" \/>\n<link rel=\"canonical\" href=\"https:\/\/varenotomotiv.com\/en\/product\/las-13-6-12-28-8pr-tr70-lassa-lastik\/\" \/>\n<meta property=\"og:locale\" content=\"en_GB\" \/>\n<meta property=\"og:type\" content=\"article\" \/>\n<meta property=\"og:title\" content=\"LAS.13.6\/12-28 8PR TR70 LASSA LAST\u0130K - Varen Otomotiv\" \/>\n<meta property=\"og:description\" content=\"&#8211;\" \/>\n<meta property=\"og:url\" content=\"https:\/\/varenotomotiv.com\/en\/product\/las-13-6-12-28-8pr-tr70-lassa-lastik\/\" \/>\n<meta property=\"og:site_name\" content=\"Varen Otomotiv\" \/>\n<meta property=\"article:modified_time\" content=\"2026-03-02T13:26:38+00:00\" \/>\n<meta name=\"twitter:card\" content=\"summary_large_image\" \/>\n<script type=\"application\/ld+json\" class=\"yoast-schema-graph\">{\"@context\":\"https:\\\/\\\/schema.org\",\"@graph\":[{\"@type\":\"WebPage\",\"@id\":\"https:\\\/\\\/varenotomotiv.com\\\/urun\\\/las-13-6-12-28-8pr-tr70-lassa-lastik\\\/\",\"url\":\"https:\\\/\\\/varenotomotiv.com\\\/urun\\\/las-13-6-12-28-8pr-tr70-lassa-lastik\\\/\",\"name\":\"LAS.13.6\\\/12-28 8PR TR70 LASSA LAST\u0130K - Varen Otomotiv\",\"isPartOf\":{\"@id\":\"https:\\\/\\\/varenotomotiv.com\\\/#website\"},\"primaryImageOfPage\":{\"@id\":\"https:\\\/\\\/varenotomotiv.com\\\/urun\\\/las-13-6-12-28-8pr-tr70-lassa-lastik\\\/#primaryimage\"},\"image\":{\"@id\":\"https:\\\/\\\/varenotomotiv.com\\\/urun\\\/las-13-6-12-28-8pr-tr70-lassa-lastik\\\/#primaryimage\"},\"thumbnailUrl\":\"https:\\\/\\\/varenotomotiv.com\\\/wp-content\\\/uploads\\\/2026\\\/03\\\/IMP-c5187a17b5b6_041dd725217b.jpg\",\"datePublished\":\"2026-02-27T15:19:04+00:00\",\"dateModified\":\"2026-03-02T13:26:38+00:00\",\"breadcrumb\":{\"@id\":\"https:\\\/\\\/varenotomotiv.com\\\/urun\\\/las-13-6-12-28-8pr-tr70-lassa-lastik\\\/#breadcrumb\"},\"inLanguage\":\"en-GB\",\"potentialAction\":[{\"@type\":\"ReadAction\",\"target\":[\"https:\\\/\\\/varenotomotiv.com\\\/urun\\\/las-13-6-12-28-8pr-tr70-lassa-lastik\\\/\"]}]},{\"@type\":\"ImageObject\",\"inLanguage\":\"en-GB\",\"@id\":\"https:\\\/\\\/varenotomotiv.com\\\/urun\\\/las-13-6-12-28-8pr-tr70-lassa-lastik\\\/#primaryimage\",\"url\":\"https:\\\/\\\/varenotomotiv.com\\\/wp-content\\\/uploads\\\/2026\\\/03\\\/IMP-c5187a17b5b6_041dd725217b.jpg\",\"contentUrl\":\"https:\\\/\\\/varenotomotiv.com\\\/wp-content\\\/uploads\\\/2026\\\/03\\\/IMP-c5187a17b5b6_041dd725217b.jpg\",\"width\":270,\"height\":270,\"caption\":\"LAS.13.6\\\/12-28 8PR TR70 LASSA LAST\u0130K\"},{\"@type\":\"BreadcrumbList\",\"@id\":\"https:\\\/\\\/varenotomotiv.com\\\/urun\\\/las-13-6-12-28-8pr-tr70-lassa-lastik\\\/#breadcrumb\",\"itemListElement\":[{\"@type\":\"ListItem\",\"position\":1,\"name\":\"Anasayfa\",\"item\":\"https:\\\/\\\/varenotomotiv.com\\\/\"},{\"@type\":\"ListItem\",\"position\":2,\"name\":\"T\u00fcm \u00dcr\u00fcnler\",\"item\":\"https:\\\/\\\/varenotomotiv.com\\\/tum-urunler\\\/\"},{\"@type\":\"ListItem\",\"position\":3,\"name\":\"LAS.13.6\\\/12-28 8PR TR70 LASSA LAST\u0130K\"}]},{\"@type\":\"WebSite\",\"@id\":\"https:\\\/\\\/varenotomotiv.com\\\/#website\",\"url\":\"https:\\\/\\\/varenotomotiv.com\\\/\",\"name\":\"Varen Otomotiv\",\"description\":\"\",\"publisher\":{\"@id\":\"https:\\\/\\\/varenotomotiv.com\\\/#organization\"},\"potentialAction\":[{\"@type\":\"SearchAction\",\"target\":{\"@type\":\"EntryPoint\",\"urlTemplate\":\"https:\\\/\\\/varenotomotiv.com\\\/?s={search_term_string}\"},\"query-input\":{\"@type\":\"PropertyValueSpecification\",\"valueRequired\":true,\"valueName\":\"search_term_string\"}}],\"inLanguage\":\"en-GB\"},{\"@type\":\"Organization\",\"@id\":\"https:\\\/\\\/varenotomotiv.com\\\/#organization\",\"name\":\"Varen Otomotiv\",\"url\":\"https:\\\/\\\/varenotomotiv.com\\\/\",\"logo\":{\"@type\":\"ImageObject\",\"inLanguage\":\"en-GB\",\"@id\":\"https:\\\/\\\/varenotomotiv.com\\\/#\\\/schema\\\/logo\\\/image\\\/\",\"url\":\"https:\\\/\\\/varenotomotiv.com\\\/wp-content\\\/uploads\\\/2026\\\/01\\\/Varen-Logo-Koyu1.png\",\"contentUrl\":\"https:\\\/\\\/varenotomotiv.com\\\/wp-content\\\/uploads\\\/2026\\\/01\\\/Varen-Logo-Koyu1.png\",\"width\":500,\"height\":109,\"caption\":\"Varen Otomotiv\"},\"image\":{\"@id\":\"https:\\\/\\\/varenotomotiv.com\\\/#\\\/schema\\\/logo\\\/image\\\/\"}}]}<\/script>\n<!-- \/ Yoast SEO plugin. -->","yoast_head_json":{"title":"LAS.13.6\/12-28 8PR TR70 LASSA LAST\u0130K - Varen Otomotiv","robots":{"index":"index","follow":"follow","max-snippet":"max-snippet:-1","max-image-preview":"max-image-preview:large","max-video-preview":"max-video-preview:-1"},"canonical":"https:\/\/varenotomotiv.com\/en\/product\/las-13-6-12-28-8pr-tr70-lassa-lastik\/","og_locale":"en_GB","og_type":"article","og_title":"LAS.13.6\/12-28 8PR TR70 LASSA LAST\u0130K - Varen Otomotiv","og_description":"&#8211;","og_url":"https:\/\/varenotomotiv.com\/en\/product\/las-13-6-12-28-8pr-tr70-lassa-lastik\/","og_site_name":"Varen Otomotiv","article_modified_time":"2026-03-02T13:26:38+00:00","twitter_card":"summary_large_image","schema":{"@context":"https:\/\/schema.org","@graph":[{"@type":"WebPage","@id":"https:\/\/varenotomotiv.com\/urun\/las-13-6-12-28-8pr-tr70-lassa-lastik\/","url":"https:\/\/varenotomotiv.com\/urun\/las-13-6-12-28-8pr-tr70-lassa-lastik\/","name":"LAS.13.6\/12-28 8PR TR70 LASSA LAST\u0130K - Varen Otomotiv","isPartOf":{"@id":"https:\/\/varenotomotiv.com\/#website"},"primaryImageOfPage":{"@id":"https:\/\/varenotomotiv.com\/urun\/las-13-6-12-28-8pr-tr70-lassa-lastik\/#primaryimage"},"image":{"@id":"https:\/\/varenotomotiv.com\/urun\/las-13-6-12-28-8pr-tr70-lassa-lastik\/#primaryimage"},"thumbnailUrl":"https:\/\/varenotomotiv.com\/wp-content\/uploads\/2026\/03\/IMP-c5187a17b5b6_041dd725217b.jpg","datePublished":"2026-02-27T15:19:04+00:00","dateModified":"2026-03-02T13:26:38+00:00","breadcrumb":{"@id":"https:\/\/varenotomotiv.com\/urun\/las-13-6-12-28-8pr-tr70-lassa-lastik\/#breadcrumb"},"inLanguage":"en-GB","potentialAction":[{"@type":"ReadAction","target":["https:\/\/varenotomotiv.com\/urun\/las-13-6-12-28-8pr-tr70-lassa-lastik\/"]}]},{"@type":"ImageObject","inLanguage":"en-GB","@id":"https:\/\/varenotomotiv.com\/urun\/las-13-6-12-28-8pr-tr70-lassa-lastik\/#primaryimage","url":"https:\/\/varenotomotiv.com\/wp-content\/uploads\/2026\/03\/IMP-c5187a17b5b6_041dd725217b.jpg","contentUrl":"https:\/\/varenotomotiv.com\/wp-content\/uploads\/2026\/03\/IMP-c5187a17b5b6_041dd725217b.jpg","width":270,"height":270,"caption":"LAS.13.6\/12-28 8PR TR70 LASSA LAST\u0130K"},{"@type":"BreadcrumbList","@id":"https:\/\/varenotomotiv.com\/urun\/las-13-6-12-28-8pr-tr70-lassa-lastik\/#breadcrumb","itemListElement":[{"@type":"ListItem","position":1,"name":"Anasayfa","item":"https:\/\/varenotomotiv.com\/"},{"@type":"ListItem","position":2,"name":"T\u00fcm \u00dcr\u00fcnler","item":"https:\/\/varenotomotiv.com\/tum-urunler\/"},{"@type":"ListItem","position":3,"name":"LAS.13.6\/12-28 8PR TR70 LASSA LAST\u0130K"}]},{"@type":"WebSite","@id":"https:\/\/varenotomotiv.com\/#website","url":"https:\/\/varenotomotiv.com\/","name":"Varen Otomotiv","description":"","publisher":{"@id":"https:\/\/varenotomotiv.com\/#organization"},"potentialAction":[{"@type":"SearchAction","target":{"@type":"EntryPoint","urlTemplate":"https:\/\/varenotomotiv.com\/?s={search_term_string}"},"query-input":{"@type":"PropertyValueSpecification","valueRequired":true,"valueName":"search_term_string"}}],"inLanguage":"en-GB"},{"@type":"Organization","@id":"https:\/\/varenotomotiv.com\/#organization","name":"Varen Otomotiv","url":"https:\/\/varenotomotiv.com\/","logo":{"@type":"ImageObject","inLanguage":"en-GB","@id":"https:\/\/varenotomotiv.com\/#\/schema\/logo\/image\/","url":"https:\/\/varenotomotiv.com\/wp-content\/uploads\/2026\/01\/Varen-Logo-Koyu1.png","contentUrl":"https:\/\/varenotomotiv.com\/wp-content\/uploads\/2026\/01\/Varen-Logo-Koyu1.png","width":500,"height":109,"caption":"Varen Otomotiv"},"image":{"@id":"https:\/\/varenotomotiv.com\/#\/schema\/logo\/image\/"}}]}},"_links":{"self":[{"href":"https:\/\/varenotomotiv.com\/en\/wp-json\/wp\/v2\/product\/3594","targetHints":{"allow":["GET"]}}],"collection":[{"href":"https:\/\/varenotomotiv.com\/en\/wp-json\/wp\/v2\/product"}],"about":[{"href":"https:\/\/varenotomotiv.com\/en\/wp-json\/wp\/v2\/types\/product"}],"replies":[{"embeddable":true,"href":"https:\/\/varenotomotiv.com\/en\/wp-json\/wp\/v2\/comments?post=3594"}],"wp:featuredmedia":[{"embeddable":true,"href":"https:\/\/varenotomotiv.com\/en\/wp-json\/wp\/v2\/media\/4186"}],"wp:attachment":[{"href":"https:\/\/varenotomotiv.com\/en\/wp-json\/wp\/v2\/media?parent=3594"}],"wp:term":[{"taxonomy":"product_brand","embeddable":true,"href":"https:\/\/varenotomotiv.com\/en\/wp-json\/wp\/v2\/product_brand?post=3594"},{"taxonomy":"product_cat","embeddable":true,"href":"https:\/\/varenotomotiv.com\/en\/wp-json\/wp\/v2\/product_cat?post=3594"},{"taxonomy":"product_tag","embeddable":true,"href":"https:\/\/varenotomotiv.com\/en\/wp-json\/wp\/v2\/product_tag?post=3594"}],"curies":[{"name":"wp","href":"https:\/\/api.w.org\/{rel}","templated":true}]}}

LAS.13.6/12-28 8PR TR70 LASSA LASTİK

<!-- This site is optimized with the Yoast SEO plugin v27.4 - https://yoast.com/product/yoast-seo-wordpress/ -->
<title>LAS.13.6/12-28 8PR TR70 LASSA LASTİK - Varen Otomotiv</title>
<meta name="robots" content="index, follow, max-snippet:-1, max-image-preview:large, max-video-preview:-1" />
<link rel="canonical" href="https://varenotomotiv.com/en/product/las-13-6-12-28-8pr-tr70-lassa-lastik/" />
<meta property="og:locale" content="en_GB" />
<meta property="og:type" content="article" />
<meta property="og:title" content="LAS.13.6/12-28 8PR TR70 LASSA LASTİK - Varen Otomotiv" />
<meta property="og:description" content="&#8211;" />
<meta property="og:url" content="https://varenotomotiv.com/en/product/las-13-6-12-28-8pr-tr70-lassa-lastik/" />
<meta property="og:site_name" content="Varen Otomotiv" />
<meta property="article:modified_time" content="2026-03-02T13:26:38+00:00" />
<meta name="twitter:card" content="summary_large_image" />
<script type="application/ld+json" class="yoast-schema-graph">{"@context":"https:\/\/schema.org","@graph":[{"@type":"WebPage","@id":"https:\/\/varenotomotiv.com\/urun\/las-13-6-12-28-8pr-tr70-lassa-lastik\/","url":"https:\/\/varenotomotiv.com\/urun\/las-13-6-12-28-8pr-tr70-lassa-lastik\/","name":"LAS.13.6\/12-28 8PR TR70 LASSA LASTİK - Varen Otomotiv","isPartOf":{"@id":"https:\/\/varenotomotiv.com\/#website"},"primaryImageOfPage":{"@id":"https:\/\/varenotomotiv.com\/urun\/las-13-6-12-28-8pr-tr70-lassa-lastik\/#primaryimage"},"image":{"@id":"https:\/\/varenotomotiv.com\/urun\/las-13-6-12-28-8pr-tr70-lassa-lastik\/#primaryimage"},"thumbnailUrl":"https:\/\/varenotomotiv.com\/wp-content\/uploads\/2026\/03\/IMP-c5187a17b5b6_041dd725217b.jpg","datePublished":"2026-02-27T15:19:04+00:00","dateModified":"2026-03-02T13:26:38+00:00","breadcrumb":{"@id":"https:\/\/varenotomotiv.com\/urun\/las-13-6-12-28-8pr-tr70-lassa-lastik\/#breadcrumb"},"inLanguage":"en-GB","potentialAction":[{"@type":"ReadAction","target":["https:\/\/varenotomotiv.com\/urun\/las-13-6-12-28-8pr-tr70-lassa-lastik\/"]}]},{"@type":"ImageObject","inLanguage":"en-GB","@id":"https:\/\/varenotomotiv.com\/urun\/las-13-6-12-28-8pr-tr70-lassa-lastik\/#primaryimage","url":"https:\/\/varenotomotiv.com\/wp-content\/uploads\/2026\/03\/IMP-c5187a17b5b6_041dd725217b.jpg","contentUrl":"https:\/\/varenotomotiv.com\/wp-content\/uploads\/2026\/03\/IMP-c5187a17b5b6_041dd725217b.jpg","width":270,"height":270,"caption":"LAS.13.6\/12-28 8PR TR70 LASSA LASTİK"},{"@type":"BreadcrumbList","@id":"https:\/\/varenotomotiv.com\/urun\/las-13-6-12-28-8pr-tr70-lassa-lastik\/#breadcrumb","itemListElement":[{"@type":"ListItem","position":1,"name":"Anasayfa","item":"https:\/\/varenotomotiv.com\/"},{"@type":"ListItem","position":2,"name":"Tüm Ürünler","item":"https:\/\/varenotomotiv.com\/tum-urunler\/"},{"@type":"ListItem","position":3,"name":"LAS.13.6\/12-28 8PR TR70 LASSA LASTİK"}]},{"@type":"WebSite","@id":"https:\/\/varenotomotiv.com\/#website","url":"https:\/\/varenotomotiv.com\/","name":"Varen Otomotiv","description":"","publisher":{"@id":"https:\/\/varenotomotiv.com\/#organization"},"potentialAction":[{"@type":"SearchAction","target":{"@type":"EntryPoint","urlTemplate":"https:\/\/varenotomotiv.com\/?s={search_term_string}"},"query-input":{"@type":"PropertyValueSpecification","valueRequired":true,"valueName":"search_term_string"}}],"inLanguage":"en-GB"},{"@type":"Organization","@id":"https:\/\/varenotomotiv.com\/#organization","name":"Varen Otomotiv","url":"https:\/\/varenotomotiv.com\/","logo":{"@type":"ImageObject","inLanguage":"en-GB","@id":"https:\/\/varenotomotiv.com\/#\/schema\/logo\/image\/","url":"https:\/\/varenotomotiv.com\/wp-content\/uploads\/2026\/01\/Varen-Logo-Koyu1.png","contentUrl":"https:\/\/varenotomotiv.com\/wp-content\/uploads\/2026\/01\/Varen-Logo-Koyu1.png","width":500,"height":109,"caption":"Varen Otomotiv"},"image":{"@id":"https:\/\/varenotomotiv.com\/#\/schema\/logo\/image\/"}}]}</script>
<!-- / Yoast SEO plugin. -->

LAS.13.6/12-28 8PR TR70 LASSA LASTİK - Varen Otomotiv

Tüm Ürünler
